{"id":143,"date":"2025-11-06T12:20:23","date_gmt":"2025-11-06T09:20:23","guid":{"rendered":"https:\/\/www.xn--pidefrn-vfbbb.com\/?page_id=143"},"modified":"2025-11-12T09:31:17","modified_gmt":"2025-11-12T06:31:17","slug":"elektrikli-gazli-pide-firini","status":"publish","type":"page","link":"https:\/\/www.xn--pidefrn-vfbbb.com\/index.php\/elektrikli-gazli-pide-firini\/","title":{"rendered":"ELEKTR\u0130KL\u0130 &amp; GAZLI P\u0130DE FIRINI"},"content":{"rendered":"\n<p>At\u0131k sistemini davlumbaz dahil heryere verebilirsiniz. Harici bir baca gereksinimi olmaz. %100 \u0131s\u0131 yal\u0131t\u0131m\u0131na sahiptir. \u0130thal malzemelerden \u00fcretilmi\u015ftir. Is\u0131 yal\u0131t\u0131m\u0131 tuz yerine perlit kullan\u0131lm\u0131\u015ft\u0131r. Kubbe k\u0131sm\u0131nda \u00e7amur yerine RHB401 \u0131s\u0131 betonu kullan\u0131lm\u0131\u015f\u0131r. Taban ta\u015f\u0131 ve kubbe ta\u015f\u0131 16 madenden olu\u015fup %25&nbsp;al\u00fcminyumdan olu\u015fur.<\/p>\n\n\n<div class=\"wp-block-image\">\n<figure class=\"aligncenter size-large is-resized\"><img loading=\"lazy\" decoding=\"async\" width=\"1024\" height=\"769\" src=\"https:\/\/www.xn--pidefrn-vfbbb.com\/wp-content\/uploads\/2025\/11\/WhatsApp-Gorsel-2025-10-22-saat-15.07.20_271ec253-1024x769.jpg\" alt=\"\" class=\"wp-image-167\" style=\"width:511px;height:auto\" srcset=\"https:\/\/www.xn--pidefrn-vfbbb.com\/wp-content\/uploads\/2025\/11\/WhatsApp-Gorsel-2025-10-22-saat-15.07.20_271ec253-1024x769.jpg 1024w, https:\/\/www.xn--pidefrn-vfbbb.com\/wp-content\/uploads\/2025\/11\/WhatsApp-Gorsel-2025-10-22-saat-15.07.20_271ec253-300x225.jpg 300w, https:\/\/www.xn--pidefrn-vfbbb.com\/wp-content\/uploads\/2025\/11\/WhatsApp-Gorsel-2025-10-22-saat-15.07.20_271ec253-768x577.jpg 768w, https:\/\/www.xn--pidefrn-vfbbb.com\/wp-content\/uploads\/2025\/11\/WhatsApp-Gorsel-2025-10-22-saat-15.07.20_271ec253.jpg 1080w\" sizes=\"auto, (max-width: 1024px) 100vw, 1024px\" \/><\/figure>\n<\/div>\n\n\n<ul class=\"wp-block-list\">\n<li>Oval Kubbe Ate\u015f Reflekt\u00f6r Ta\u015f\u0131<\/li>\n\n\n\n<li>Taban Ta\u015f\u0131\u00a0Is\u0131ya Dayan\u0131kl\u0131 Do\u011fal\u00a0Ta\u015f\u00a03-4 cm(ate\u015f tu\u011flas\u0131)\u00a0\u00a0\u00a0\u0130ki Y\u00f6nl\u00fc Rezistanslar<\/li>\n\n\n\n<li>Pi\u015firme Ta\u015f\u0131 Alt\u0131 \u0130thal Perlit ve Yal\u0131t\u0131m Malzemesi ile 30 cm Doldurulmaktad\u0131r.<\/li>\n\n\n\n<li>100\u2019l\u00fck Poliamid Teker Kullan\u0131lmaktad\u0131r\u00a0<\/li>\n\n\n\n<li>Seyyar Ta\u015f F\u0131r\u0131n&nbsp;&nbsp;<\/li>\n\n\n\n<li>Ta\u015fy\u00fcn\u00fc izalasyonu<\/li>\n\n\n\n<li>Termostat istedi\u011finiz derecede kendini kapat\u0131r ve ayn\u0131 dereceye ula\u015fmak i\u00e7in tekrar devreye girer.<\/li>\n\n\n\n<li>Termostat \u0130stenilen saatte elektrikli \u0131s\u0131tma sistemini otomatik olarak devreye sokabilme \u00f6zelli\u011fine sahiptir.<\/li>\n\n\n\n<li>2 Adet Is\u0131 G\u00f6stergesi (pi\u015firme alan\u0131 ve ta\u015f \u0131s\u0131s\u0131 \u00f6l\u00e7er)<\/li>\n\n\n\n<li>Klasik gaz sistemi sayesinde f\u0131r\u0131n i\u00e7inde y\u00fcksek \u0131s\u0131 deste\u011fi sa\u011flan\u0131r<\/li>\n\n\n\n<li>Elektrikli sistemle birlikte&nbsp; ayn\u0131 anda kullan\u0131labilir.&nbsp;&nbsp;<\/li>\n\n\n\n<li>Lahmacun, Pide, Simit Pizza F\u0131r\u0131n\u0131<\/li>\n<\/ul>\n\n\n\n<figure class=\"wp-block-table\"><table class=\"has-fixed-layout\"><tbody><tr><td>\u00dcr\u00fcn kodu<\/td><td>F\u0131r\u0131n D\u0131\u015f \u00d6l\u00e7\u00fcs\u00fc cm<\/td><td>Pi\u015firme Ta\u015f\u0131 \u00d6l\u00e7\u00fcs\u00fc cm<\/td><td>&nbsp;&nbsp;&nbsp;&nbsp; G\u00fc\u00e7<\/td><\/tr><tr><td>NGT 12514<\/td><td>125 x 140<\/td><td>100 x 100<\/td><td>10 Kw \/ 380 V<\/td><\/tr><tr><td>NGT 14516<\/td><td>145 x 160<\/td><td>120 x 120<\/td><td>14 Kw \/ 380 V<\/td><\/tr><tr><td>NGT 16518<\/td><td>165 x 180<\/td><td>150 x 150<\/td><td>18 Kw \/ 380 V<\/td><\/tr><\/tbody><\/table><\/figure>\n","protected":false},"excerpt":{"rendered":"<p>At\u0131k sistemini davlumbaz dahil heryere verebilirsiniz. Harici bir baca gereksinimi olmaz. %100 \u0131s\u0131 [&hellip;]<\/p>\n","protected":false},"author":1,"featured_media":0,"parent":0,"menu_order":0,"comment_status":"closed","ping_status":"closed","template":"","meta":{"footnotes":""},"class_list":["post-143","page","type-page","status-publish","hentry"],"_links":{"self":[{"href":"https:\/\/www.xn--pidefrn-vfbbb.com\/index.php\/wp-json\/wp\/v2\/pages\/143","targetHints":{"allow":["GET"]}}],"collection":[{"href":"https:\/\/www.xn--pidefrn-vfbbb.com\/index.php\/wp-json\/wp\/v2\/pages"}],"about":[{"href":"https:\/\/www.xn--pidefrn-vfbbb.com\/index.php\/wp-json\/wp\/v2\/types\/page"}],"author":[{"embeddable":true,"href":"https:\/\/www.xn--pidefrn-vfbbb.com\/index.php\/wp-json\/wp\/v2\/users\/1"}],"replies":[{"embeddable":true,"href":"https:\/\/www.xn--pidefrn-vfbbb.com\/index.php\/wp-json\/wp\/v2\/comments?post=143"}],"version-history":[{"count":3,"href":"https:\/\/www.xn--pidefrn-vfbbb.com\/index.php\/wp-json\/wp\/v2\/pages\/143\/revisions"}],"predecessor-version":[{"id":168,"href":"https:\/\/www.xn--pidefrn-vfbbb.com\/index.php\/wp-json\/wp\/v2\/pages\/143\/revisions\/168"}],"wp:attachment":[{"href":"https:\/\/www.xn--pidefrn-vfbbb.com\/index.php\/wp-json\/wp\/v2\/media?parent=143"}],"curies":[{"name":"wp","href":"https:\/\/api.w.org\/{rel}","templated":true}]}}